s of 9/(-3) - f - 3.
3
Let q(p) = p**3 - p**2 - 14. List the prime factors of q(4).
2, 17
Let k = 10 - 2. Suppose 3*p - k*p + 85 = 0. Suppose -3*b + 7 = -p. List the prime factors of b.
2
Suppose -2*b - 96 = -5*b. Suppose 2*r - 3*r + 3*w - 5 = 0, -5*r + 31 = -w. Suppose 14 = 2*n + 2*m, -2*n + r*n = -2*m + b. What are the prime factors of n?
2, 3
Let q(v) = -5*v**2 + 4*v - 2*v**3 + 0*v + 0*v**3 + 3*v**3. Let p be q(4). List the prime factors of 7 + -7 + 17 + p.
17
Let k(x) = x**3 - 2*x**2 - 3*x + 1. List the prime factors of k(4).
3, 7
Let h(u) = u**2 - u + 4. Let x be h(0). Let o = x + -1. Suppose 0 = -w - 0 + o. What are the prime factors of w?
3
Suppose 5*u = 2*x + 6, -5*x = -0*x + 5*u - 20. Let o(j) = 0*j**2 + x*j - 1 + 21*j**2 - 7*j + 4*j. What are the prime factors of o(-1)?
3, 7
Let u(x) = -x**2 - 10*x - 7. Let n = 8 + -9. Let c be -10 + 1 + n + 2. What are the prime factors of u(c)?
3
Suppose -6*g + 415 = -g. What are the prime factors of g?
83
Let k = -126 - -216. What are the prime factors of k?
2, 3, 5
Suppose 0 = -3*h - 2*h - y + 97, -95 = -4*h + 5*y. Suppose -5*o + 28 = 4*q, o + 3 + 61 = 5*q. Let w = h - q. What are the prime factors of w?
2
Let q(s) = -s**2 + s + 5. Let c be q(0). Suppose 2 - 27 = -c*v. Suppose 4*g + 4*p - 60 = 0, 5*g + 0*p = v*p + 25. List the prime factors of g.
2, 5
List the prime factors of (-1045)/(-22) - (-3)/2.
7
Let y(u) = -u**2 + 3. Let q = -2 + 4. Suppose q*z = z. What are the prime factors of y(z)?
3
Let h(t) = t**3 - 8*t**2 + 7*t - 19. List the prime factors of h(8).
37
Suppose -4*l - 4 = -4*k, 0 = -2*l + 2*k - 7*k + 5. Suppose p - 3 + l = 0. What are the prime factors of p?
3
Suppose 2*s = -3*s + 30. Suppose -4*d + 18 = -l, 0 = -3*d + 21 - s. Suppose 0 = -l*o + o + 6. What are the prime factors of o?
2, 3
Suppose -4*r = -5*v - 4 - 8, -4*v - 2*r + 6 = 0. Suppose 3 = -5*f - 7. List the prime factors of v - (f - -3) - -8.
7
Suppose -4*y = -8*y - 4. Let q = y + 21. What are the prime factors of q?
2, 5
Let o be (-1)/(12/(-15) + 1). Let l = -11 + 12. Let d = l - o. What are the prime factors of d?
2, 3
Suppose k - 4*c + 88 = 5*k, 5*c = k - 4. List the prime factors of k.
19
Let u(l) = l**3 + 8*l**2 - 2*l - 8. Let d be u(-6). Suppose 5*r - 2*o = 152, r + d = 3*r + 3*o. List the prime factors of r.
2
Suppose l + 5 = -m - 48, 259 = -5*l + m. Let h = -26 - l. List the prime factors of h.
2, 13
Suppose 5*w = -0*w, -2*f - 3*w = -50. Suppose 0*k + k = -5*r + 170, -2*k + f = r. List the prime factors of r.
5, 7
Let y(k) = -4 - 25*k**2 - 4*k - 1 - k**3 + 32*k**2. What are the prime factors of y(5)?
5
Suppose -4*u - 25 = -3*y, -3*y - 2*u = -2 + 1. What are the prime factors of y?
3
Let a be (-16)/2 + (-2 - -2). Let r(p) = -p**3 - 7*p**2 + 7*p - 4. What are the prime factors of r(a)?
2
List the prime factors of 32 - ((-12)/90 - (-58)/(-15)).
2, 3
Suppose 2*o - 5*o + 234 = 3*x, 3*o + 4*x = 238. Suppose 5*z - 3*z = o. Suppose 0 = -3*d - 5*c + z, 2*c - c = -5*d + 91. List the prime factors of d.
19
Suppose -27*y - 302 = -29*y. List the prime factors of y.
151
Suppose 3*k + 5*h = 412, -20*h = -2*k - 16*h + 238. What are the prime factors of k?
3, 43
Suppose 4*f + 9 = 5*j, 4*j + 0 = -5*f - 1. What are the prime factors of ((-15)/(-1) + f)/2?
7
Suppose 7 = 3*q + 1. Suppose 0 = -3*r + 12, q*r - 28 = -4*x - 3*r. Suppose 2*v = -x*v + 48. What are the prime factors of v?
2, 3
Suppose 10 + 32 = 2*w. Let q = w + 374. List the prime factors of 4/(-22) + q/55.
7
What are the prime factors of 1059/39 - (-2)/(-13)?
3
Suppose c = -3*n + n - 8, -5*c = -2*n - 8. Suppose 48 = 4*q - 3*j, -q + 6 = -2*j - 11. Let v = n + q. What are the prime factors of v?
5
Let i be -12 - (0 - (1 + 0)). Let j be i/3 - 2/6. Let d = j - -10. List the prime factors of d.
2, 3
Let i(x) = x**3 - 8*x**2 - 6*x - 13. Let k be i(9). Let f be (-6)/(-4)*(-6 + 4). Let y = k + f. What are the prime factors of y?
11
Suppose 5*h + 204 = p, -541 = -5*p + 3*h + 523. What are the prime factors of p?
2, 107
Suppose 61 = 4*a - 2*i - 33, -4*i = 2*a - 72. List the prime factors of a.
2, 13
Suppose -4*a = 5*u - a - 363, 0 = 5*u - 4*a - 356. What are the prime factors of u?
2, 3
Let d be (-4)/(-1) - 0/(-1). Suppose 62 = d*c - 54. Suppose -5*t = -26 - c. List the prime factors of t.
11
Let y(j) = -j**3 - 20. Let r be y(0). List the prime factors of 1*3*r/(-6).
2, 5
Suppose -19*l + 0*l + 1406 = 0. List the prime factors of l.
2, 37
What are the prime factors of (-2)/5 + 1 + (-5936)/(-40)?
149
Let y(c) = 3*c**3 - 2*c - 2. What are the prime factors of y(3)?
73
Let c(h) = h**2 - 3*h + 3. Let p = -12 + 2. Let u = -6 - p. List the prime factors of c(u).
7
Let d(a) = a**2 + 3*a + 4. Let j(c) = -c - 6. Let w be j(-6). Let b be -10*(-1 + w)/(-2). What are the prime factors of d(b)?
2, 7
Suppose -3*x = -t - 227, -x + 207 = 2*x + 3*t. What are the prime factors of x?
2, 37
What are the prime factors of 1 - 0 - 260/(-13)?
3, 7
Let v(u) = -u**3 - 9*u**2 + 9*u - 10. Let l be v(-10). Suppose o - 5*o = 4*p - 28, l = -3*p + 4*o + 7. What are the prime factors of p?
5
Let j(q) = -3*q - 1. Let x be j(-2). Suppose 0*c - 4*c = -u, -u - x*c + 36 = 0. What are the prime factors of u?
2
Let s(z) = 2*z**2. List the prime factors of s(4).
2
Suppose 2*l = 4*l - 4. Suppose 25 = 3*c + l*c. What are the prime factors of c?
5
Let b(z) = 6*z**3 + 2*z**2 + z - 3. Let g(w) = 11*w**3 + 4*w**2 + w - 6. Let c(y) = 5*b(y) - 3*g(y). List the prime factors of c(-2).
3, 5
Suppose 3*o + 3*l = 405, l + 154 = 3*o - 231. Suppose -58 = -2*t + 2*f, -4*t + 2*f + o = t. Suppose 0 = -6*z + 4*z + t. List the prime factors of z.
2, 3
Suppose -4*k + v - 2*v - 37 = 0, 3*k - v + 19 = 0. Let r = 3 + k. Let s = r + 12. What are the prime factors of s?
7
Let h be 4 - (-2)/2*-3. Suppose 0 = w + h - 14. What are the prime factors of w?
13
Suppose 3*d - 8 = -89. Let q = -6 - d. What are the prime factors of q?
3, 7
Let p(h) = 2*h - 8. Let y(v) = 2*v. Let b be y(3). Let z be p(b). Suppose 5*u - 7 = z*u. List the prime factors of u.
7
List the prime factors of (-1071)/14*(-4)/6.
3, 17
Let t(k) = -k**2 + 11*k - 9. Let v be 264/42 + (-4)/14. List the prime factors of t(v).
3, 7
Let s = -8 + 6. List the prime factors of 11/((s/3)/(-2)).
3, 11
Let v = -82 + 159. List the prime factors of v.
7, 11
Let k be (-6)/(-4) - (-15)/6. Suppose 0 = -k*v - 4*s, v = -0*v - 4*s. Suppose -3*z = g - 19, g + z = -v*g + 17. List the prime factors of g.
2
Let x(p) be the third derivative of p**4/24 - 3*p**2. Let b(o) = 10*o - 2. Let m(n) = -b(n) + 12*x(n). List the prime factors of m(5).
2, 3
Let l(d) = 2*d - 4. Let o = 10 - 3. Let a = 10 - o. List the prime factors of l(a).
2
Let s = 196 + -133. List the prime factors of s.
3, 7
Let m(k) = 14*k. Suppose 4*h + 0*h - 4 = 0. List the prime factors of m(h).
2, 7
Let k(c) = 2*c + 2. Let s be k(3). Let i = 18 - s. What are the prime factors of i?
2, 5
Suppose -3*x + 0 = 12. What are the prime factors of -3 - 8/x*15?
3
Suppose 3*v + 4*r + 6 = 91, -5*r = -v + 41. What are the prime factors of v?
31
Let w = 167 - 94. What are the prime factors of w?
73
Let k = -40 + 115. List the prime factors of k.
3, 5
Let v(s) = 2*s - 2. What are the prime factors of v(7)?
2, 3
Suppose -10 = -c - 4*c. Let l(d) = 3*d**2 - d - 1. Let t be l(c). List the prime factors of -2 + (2 - 1) + t.
2
Let z(k) = -46*k**3 + 4*k**2 - k + 3. Let s(x) = -45*x**3 + 5*x**2 - x + 4. Let m(u) = 3*s(u) - 4*z(u). List the prime factors of m(1).
7
Let h(s) = s**3 + 9*s**2 + 5*s. Suppose 4 = -3*t - 20. Let a be h(t). Suppose l = -l + a. List the prime factors of l.
2, 3
Suppose -7*m + 5*m + 170 = 0. Suppose -4*t + m = t. List the prime factors of t.
17
Let s = 60 - 40. List the prime factors of s.
2, 5
Suppose 0 = 3*a - 6*a + 3*h + 60, -5*h = 4*a - 62. List the prime factors of a.
2, 3
Let d(i) = -i**2 + 5*i - 4. Let v be d(4). Suppose 8*o - 3*o - 140 = v. What are the prime factors of o?
2, 7
Let t be 6/(-4)*(-8)/6. Suppose -t*i - i - 17 = -4*n, i + 11 = 4*n. What are the prime factors of n?
2
Let o = -20 + 23. Suppose -2*t + o*c = -65, -5*t + 2*c = -0*c - 190. What are the prime factors of t?
2, 5
Let g be ((-3)/(-2))/((-9)/(-24)). Let p be (0 - g)/(-7 + 8). Let n = p - -15. What are the prime factors of n?
11
List the prime factors of 178/10 - 6/(-30).